hat is the ten thousands digit of 5090359302?
5
What is the millions digit of 6243908049?
3
What is the hundred millions digit of 173465159?
1
What is the tens digit of 3650340204?
0
What is the units digit of 408018531?
1
What is the units digit of 425984926?
6
What is the hundreds digit of 490849132?
1
What is the units digit of 1110966862?
2
What is the tens digit of 17697316?
1
What is the units digit of 25578361?
1
What is the billions digit of 5429955032?
5
What is the hundreds digit of 87020646?
6
What is the millions digit of 2141523404?
1
What is the hundreds digit of 498843025?
0
What is the hundred thousands digit of 97633145?
6
What is the hundred millions digit of 315607344?
3
What is the units digit of 1071810889?
9
What is the tens digit of 175452939?
3
What is the thousands digit of 50257625?
7
What is the tens digit of 30130747?
4
What is the ten thousands digit of 1180237533?
3
What is the ten thousands digit of 64432169?
3
What is the thousands digit of 460152298?
2
What is the thousands digit of 734441714?
1
What is the millions digit of 95086998?
5
What is the billions digit of 1905337779?
1
What is the hundred thousands digit of 50546852?
5
What is the tens digit of 27090350?
5
What is the millions digit of 130192697?
0
What is the millions digit of 30395260?
0
What is the millions digit of 2309756?
2
What is the ten thousands digit of 984945796?
4
What is the ten millions digit of 1522103798?
2
What is the thousands digit of 129609444?
9
What is the hundred thousands digit of 64456850?
4
What is the billions digit of 7946296880?
7
What is the tens digit of 68972302?
0
What is the hundreds digit of 2287716369?
3
What is the millions digit of 439170988?
9
What is the hundred thousands digit of 556164892?
1
What is the billions digit of 1107681987?
1
What is the ten thousands digit of 623707584?
0
What is the hundred thousands digit of 8984565?
9
What is the hundreds digit of 99876782?
7
What is the thousands digit of 63797268?
7
What is the thousands digit of 573048829?
8
What is the hundred millions digit of 103957683?
1
What is the millions digit of 13356945?
3
What is the units digit of 47629915?
5
What is the millions digit of 504294226?
4
What is the units digit of 1611111?
1
What is the millions digit of 2937456918?
7
What is the ten thousands digit of 489080567?
8
What is the ten millions digit of 214291023?
1
What is the hundred millions digit of 321377081?
3
What is the units digit of 99788733?
3
What is the millions digit of 56981969?
6
What is the tens digit of 63555142?
4
What is the hundred millions digit of 203495266?
2
What is the thousands digit of 3054901013?
1
What is the thousands digit of 410939363?
9
What is the hundred thousands digit of 385928968?
9
What is the millions digit of 1636134944?
6
What is the ten thousands digit of 348133145?
3
What is the units digit of 106996570?
0
What is the units digit of 4168652177?
7
What is the hundred millions digit of 3507177159?
5
What is the hundreds digit of 3465769777?
7
What is the thousands digit of 15110589?
0
What is the hundred millions digit of 168071517?
1
What is the hundred millions digit of 303051473?
3
What is the thousands digit of 29585613?
5
What is the ten millions digit of 17408989?
1
What is the thousands digit of 879692218?
2
What is the ten thousands digit of 3750253699?
5
What is the tens digit of 140486450?
5
What is the thousands digit of 3016148738?
8
What is the ten millions digit of 42142876?
4
What is the hundred thousands digit of 11555982?
5
What is the ten thousands digit of 14225250?
2
What is the tens digit of 118136323?
2
What is the millions digit of 127150323?
7
What is the thousands digit of 2967898595?
8
What is the hundred millions digit of 1499212656?
4
What is the ten millions digit of 42409107?
4
What is the thousands digit of 231885714?
5
What is the hundreds digit of 3654258625?
6
What is the ten millions digit of 202510837?
0
What is the millions digit of 115624797?
5
What is the hundred thousands digit of 3674724616?
7
What is the hundred thousands digit of 51487869?
4
What is the units digit of 75372844?
4
What is the tens digit of 58672073?
7
What is the units digit of 499765412?
2
What is the ten millions digit of 164567241?
6
What is the millions digit of 28848258?
8
What is the ten thousands digit of 228249841?
4
What is the ten millions digit of 5118911865?
1
What is the thousands digit of 770588147?
8
What is the hundred thousands digit of 144280604?
2
What is the units digit of 131140210?
0
What is the millions digit of 32528207?
2
What is the ten thousands digit of 216802156?
0
What is the units digit of 58349493?
3
What is the thousands digit of 3815901849?
1
What is the hundred millions digit of 538096154?
5
What is the thousands digit of 35434410?
4
What is the ten millions digit of 750359191?
5
What is the millions digit of 643061754?
3
What is the hundred thousands digit of 2372557290?
5
What is the hundreds digit of 121698161?
1
What is the ten thousands digit of 31784224?
8
What is the ten thousands digit of 936586269?
8
What is the millions digit of 30837782?
0
What is the units digit of 36981381?
1
What is the tens digit of 49013691?
9
What is the tens digit of 93002053?
5
What is the units digit of 27725460?
0
What is the ten millions digit of 1571629597?
7
What is the ten thousands digit of 36681675?
8
What is the units digit of 36001859?
9
What is the millions digit of 273748508?
3
What is the millions digit of 266821959?
6
What is the hundreds digit of 23306474?
4
What is the units digit of 3420678658?
8
What is the tens digit of 76811382?
8
What is the hundred millions digit of 1071543233?
0
What is the millions digit of 368608686?
8
What is the hundred millions digit of 320010553?
3
What is the hundred thousands digit of 27293219?
2
What is the thousands digit of 341016220?
6
What is the ten millions digit of 239064810?
3
What is the hundreds digit of 143929842?
8
What is the ten thousands digit of 1031879025?
7
What is the tens digit of 65768311?
1
What is the thousands digit of 1091625697?
5
What is the tens digit of 17524534?
3
What is the tens digit of 18725006?
0
What is the hundreds digit of 1252727576?
5
What is the ten thousands digit of 792073969?
7
What is the ten thousands digit of 1068558030?
5
What is the tens digit of 14644433?
3
What is the ten thousands digit of 2856813297?
1
What is the tens digit of 2038112476?
7
What is the billions digit of 3575817439?
3
What is the tens digit of 179541245?
4
What is the tens digit of 1475376757?
5
What is the hundreds digit of 16030188?
1
What is the hundreds digit of 3670881399?
3
What is the units digit of 21260760?
0
What is the tens digit of 48624474?
7
What is the ten thousands digit of 6415570737?
7
What is the hundred thousands digit of 752669623?
6
What is the ten thousands digit of 124747609?
4
What is the ten thousands digit of 470041701?
4
What is the thousands digit of 4789008?
9
What is the hundred millions digit of 253173171?
2
What is the ten thousands digit of 375426466?
2
What is the tens digit of 9198264?
6
What is the thousands digit of 440002252?
2
What is the hundred thousands digit of 1413122309?
1
What is the units digit of 425941800?
0
What is the units digit of 441736243?
3
What is the ten millions digit of 1296088310?
9
What is the hundreds digit of 1948730259?
2
What is the ten thousands digit of 2626204074?
0
What is the millions digit of 3969195433?
9
What is the millions digit of 121123187?
1
What is the millions digit of 222604195?
2
What is the hundred thousands digit of 81663320?
6
What is the millions digit of 1370850163?
0
What is the ten millions digit of 456168266?
5
What is the ten thousands digit of 390858235?
5
What is the hundred thousands digit of 530326468?
3
What is the millions digit of 2955588?
2
What is the millions digit of 154973951?
4
What is the millions digit of 3422238069?
2
What is the units digit of 152505048?
8
What is the hundreds digit of 820658683?
6
What is the thousands digit of 93518686?
8
What is the units digit of 333304704?
4
What is the hundreds digit of 2679575684?
6
What is the tens digit of 37957001?
0
What is the hundred millions digit of 8103332007?
1
What is the